n base 16?
-33b
Convert 2121300 (base 5) to base 11.
24a09
Convert -123 (base 16) to base 12.
-203
What is 5717 (base 16) in base 9?
33522
106 (base 13) to base 14
c7
-567 (base 9) to base 2
-111010010
401 (base 11) to base 16
1e5
Convert 2300 (base 7) to base 2.
1101000001
Convert -3132 (base 4) to base 8.
-336
-401 (base 13) to base 5
-10202
Convert 23141 (base 5) to base 9.
2256
Convert -1113 (base 8) to base 13.
-362
What is -21113 (base 4) in base 3?
-211012
3121040 (base 5) to base 7
302561
-11021000 (base 3) to base 9
-4230
-410 (base 5) to base 4
-1221
-19b05 (base 12) to base 9
-56855
Convert -b70 (base 16) to base 4.
-231300
-21111010 (base 3) to base 9
-7433
602 (base 9) to base 13
2b7
4b0 (base 14) to base 3
1021202
8cb4 (base 13) to base 14
72ab
What is a71 (base 14) in base 15?
924
What is 3707 (base 11) in base 5?
123342
What is -3b02 (base 13) in base 15?
-2787
Convert -20022 (base 3) to base 13.
-101
Convert -12d2 (base 14) to base 2.
-110011111000
-2302 (base 5) to base 8
-507
121211110 (base 3) to base 5
343040
-1031 (base 5) to base 4
-2031
What is 444023 (base 5) in base 10?
15513
What is 2b99 (base 12) in base 2?
1010000100101
What is 1322133 (base 4) in base 15?
24c9
What is 17d (base 16) in base 4?
11331
Convert 31c (base 15) to base 7.
2022
Convert -13423 (base 6) to base 9.
-2786
-101210101 (base 3) to base 7
-31636
What is a7b (base 13) in base 4?
130000
What is 254 (base 8) in base 10?
172
-2a53 (base 12) to base 9
-6720
What is 772 (base 10) in base 16?
304
929 (base 10) to base 9
1242
-113213 (base 5) to base 11
-3163
Convert -13132 (base 5) to base 14.
-546
What is -434 (base 9) in base 3?
-111011
-102212100 (base 3) to base 2
-10000111001001
-2998 (base 16) to base 3
-112121101
Convert -101000010010 (base 2) to base 7.
-10342
What is 142222 (base 8) in base 10?
50322
Convert -333 (base 11) to base 5.
-3044
Convert -7a (base 11) to base 8.
-127
What is -49e (base 15) in base 10?
-1049
Convert -ac0a (base 16) to base 9.
-66365
Convert 300a (base 12) to base 10.
5194
What is 1002000 (base 3) in base 13?
483
What is 345223 (base 6) in base 5?
1422204
-2102 (base 4) to base 15
-9b
What is 1110 (base 7) in base 5?
3044
What is -1170 (base 12) in base 14?
-9da
1302305 (base 6) to base 11
48a98
-1223342 (base 5) to base 13
-a982
Convert 10388 (base 15) to base 16.
c8e4
What is -2300102 (base 4) in base 14?
-417c
48654 (base 9) to base 6
410551
Convert 5130 (base 7) to base 5.
24120
What is 1286 (base 9) in base 12?
689
6544 (base 8) to base 13
1739
What is d4a (base 15) in base 13?
1495
Convert 236 (base 14) to base 10.
440
-1563 (base 14) to base 4
-323203
What is 17a4 (base 11) in base 14?
b9a
-10213 (base 4) to base 7
-601
Convert 102212 (base 4) to base 5.
14230
What is 101002101 (base 3) in base 15?
22a4
-24500 (base 7) to base 4
-1210103
Convert -34 (base 14) to base 7.
-64
Convert 36626 (base 7) to base 16.
2567
-a94 (base 16) to base 9
-3638
-10222022022 (base 3) to base 4
-103012103
Convert 1110111001 (base 2) to base 14.
4c1
Convert -56 (base 12) to base 10.
-66
-10000111111101 (base 2) to base 4
-2013331
Convert 193 (base 16) to base 14.
20b
-466 (base 7) to base 8
-364
Convert -321 (base 12) to base 11.
-386
Convert -1121210 (base 3) to base 16.
-49e
What is 1708 (base 10) in base 12?
ba4
Convert -10905 (base 10) to base 11.
-8214
What is 1364 (base 12) in base 9?
3054
What is 20233 (base 5) in base 12?
91a
What is -5255 (base 9) in base 15?
-1222
Convert -1001100111100100 (base 2) to base 7.
-222600
What is -39 (base 13) in base 15?
-33
Convert -647b (base 12) to base 11.
-8326
Convert 1632 (base 11) to base 2.
100000101100
What is 2127 (base 8) in base 4?
101113
What is 5128 (base 9) in base 15?
11a2
What is 858 (base 10) in base 3?
1011210
Convert -1220102 (base 4) to base 2.
-1101000010010
794 (base 11) to base 13
581
What is -164 (base 13) in base 16?
-fb
Convert -603 (base 10) to base 9.
-740
What is -385 (base 13) in base 12?
-434
101101110 (base 2) to base 12
266
1038 (base 10) to base 6
4450
-5441 (base 6) to base 12
-881
What is 1396 (base 10) in base 13?
835
59 (base 13) to base 9
82
-34121 (base 8) to base 16
-3851
What is 66622 (base 7) in base 4?
10012012
Convert 116 (base 9) to base 3.
10120
What is -2e6 (base 16) in base 5?
-10432
Convert 1b8 (base 13) to base 14.
18c
Convert 231231 (base 4) to base 16.
b6d
What is 374 (base 10) in base 7?
1043
What is -122424 (base 6) in base 10?
-10960
What is -23a (base 15) in base 12?
-361
-416 (base 13) to base 2
-1010110111
-11 (base 7) to base 6
-12
Convert 12f6 (base 16) to base 12.
2986
-416566 (base 7) to base 14
-1c336
Convert 101010000101 (base 2) to base 16.
a85
What is 107 (base 12) in base 15?
a1
Convert 211120 (base 3) to base 4.
21201
What is -200 (base 4) in base 9?
-35
What is 13e (base 15) in base 13?
18b
Convert 4ec (base 15) to base 6.
5110
-26c (base 13) to base 15
-1d8
Convert 73245 (base 9) to base 14.
13873
d73 (base 16) to base 9
4645
Convert 21101 (base 3) to base 15.
d4
2df (base 16) to base 15
340
What is -5160 (base 8) in base 6?
-20212
What is 133121 (base 4) in base 3?
2202102
What is 13411 (base 7) in base 5?
104014
Convert -2100130 (base 4) to base 10.
-9244
What is 5206 (base 16) in base 8?
51006
What is 12336 (base 7) in base 10?
3261
What is 4b00 (base 15) in base 4?
3321213
Convert -503 (base 14) to base 9.
-1312
What is -623 (base 14) in base 15?
-557
-a49b (base 12) to base 13
-8249
Convert -710 (base 9) to base 8.
-1100
Convert -525354 (base 6) to base 5.
-2331234
What is 7233 (base 11) in base 8?
22573
-11233 (base 4) to base 11
-304
1429 (base 10) to base 12
9b1
Convert -22246 (base 9) to base 15.
-45a9
What is 25331 (base 7) in base 16?
1a1e
101011000 (base 3) to base 5
214043
What is 225a (base 15) in base 16?
1c75
What is -1110023 (base 4) in base 2?
-1010100001011
924 (base 15) to base 13
c25
Convert -332220 (base 4) to base 2.
-111110101000
What is -12a6 (base 13) in base 16?
-a6f
4de5 (base 15) to base 2
100000100000000
36 (base 7) to base 14
1d
What is -10316 (base 8) in base 3?
-12220100
Convert 1455 (base 10) to base 13.
87c
Convert -100010011100 (base 2) to base 3.
-10000122
What is 422302 (base 5) in base 16?
36fd
Convert -2505 (base 10) to base 15.
-b20
-2da0 (base 15) to base 11
-7422
Convert -3140 (base 13) to base 12.
-3b38
Convert -521301 (base 6) to base 11.
-29448
Convert 2a41 (base 13) to base 11.
467a
-1c6 (base 16) to base 5
-3304
-100111001011 (base 2) to base 15
-b22
What is -11213 (base 4) in base 7?
-1022
Convert -214 (base 16) to base 6.
-2244
Convert -12020022 (base 3) to base 11.
-2959
What is -200212 (base 3) in base 7?
-1325
What is 225234 (base 6) in base 8?
45566
Convert -a00 (base 11) to base 10.
-1210
What is 111010100111100 (base 2) in base 13?
10878
Convert -62762 (base 9) to base 13.
-15b33
What is 14095 (base 14) in base 12?
247ab
a2b (base 16) to base 5
40403
What is 9c9 (base 13) in base 5?
23221
Convert 211d (base 14) to base 6.
42235
Convert -535 (base 11) to base 10.
-643
Convert 2671 (base 11) to base 2.
110110001010
What is 5b (base 12) in base 8?
107
924 (base 12) to base 11
aa4
Convert 14027 (base 12) to base 15.
8304
Convert -1110001 (base 2) to base 15.
-78
What is -10003 (base 6) in base 15?
-5b9
-10d1 (base 14) to base 7
-11351
What is 2195 (base 15) in base 13?
3314
Convert -6db (base 16) to base 7.
-5055
189e (base 15) to base 14
1d24
What is 1011000001 (base 2) in base 7?
2025
What is 43a (base 11) in base 5?
4102
Convert -1940 (base 12) to base 16.
-c00
1211221 (base 4) to base 9
8827
-704 (base 8) to base 4
-13010
Convert -10100111100111 (base 2) to base 16.
-29e7
-32131 (base 8) to base 3
-200101100
-167 (base 16) to base 11
-2a7
Convert -1c7 (base 13) to base 15.
-172
What is -20022012 (base 3) in base 11?
-34a8
Convert -4224 (base 5) to base 3.
-202220
What is -315 (base 13) in base 16?
-20d
Convert 14104 (base 7) to base 6.
25414
-1631 (base 10) to base 8
-3137
-2121 (base 6) to base 8
-741
What is -5052 (base 8) in base 6?
-20014
What is -2770 (base 10) in base 7?
-11035
Convert 459 (base 10) to base 16.
1cb
4854 (base 11) to base 7
24342
Convert 1a5 (base 15) to base 10.
380
-5b7 (base 14) to base 12
-7b1
Convert -40 (base 15) to base 8.
-74
Convert 